{"id":225909,"date":"2020-10-16T18:51:17","date_gmt":"2020-10-16T16:51:17","guid":{"rendered":"http:\/\/www.france-frelon.fr\/?page_id=225909"},"modified":"2026-01-14T22:31:57","modified_gmt":"2026-01-14T21:31:57","slug":"mentions-legales-veoneo","status":"publish","type":"page","link":"https:\/\/www.france-frelon.fr\/?page_id=225909","title":{"rendered":"Mentions L\u00e9gales (Veoneo)"},"content":{"rendered":"<p>[et_pb_section fb_built=\u00a0\u00bb1&Prime; _builder_version=\u00a0\u00bb4.16&Prime; global_colors_info=\u00a0\u00bb{}\u00a0\u00bb][et_pb_row _builder_version=\u00a0\u00bb4.16&Prime; background_size=\u00a0\u00bbinitial\u00a0\u00bb background_position=\u00a0\u00bbtop_left\u00a0\u00bb background_repeat=\u00a0\u00bbrepeat\u00a0\u00bb global_colors_info=\u00a0\u00bb{}\u00a0\u00bb][et_pb_column type=\u00a0\u00bb4_4&Prime; _builder_version=\u00a0\u00bb4.16&Prime; custom_padding=\u00a0\u00bb|||\u00a0\u00bb global_colors_info=\u00a0\u00bb{}\u00a0\u00bb custom_padding__hover=\u00a0\u00bb|||\u00a0\u00bb][et_pb_text _builder_version=\u00a0\u00bb4.27.5&Prime; link_option_url=\u00a0\u00bbwww.veoneo.fr\u00a0\u00bb hover_enabled=\u00a0\u00bb0&Prime; global_colors_info=\u00a0\u00bb{}\u00a0\u00bb sticky_enabled=\u00a0\u00bb0&Prime;]<\/p>\n<h1 class=\"western\" style=\"text-align: center;\">Mentions L\u00e9gales<\/h1>\n<h3 style=\"text-align: justify;\"><\/h3>\n<p>&nbsp;<\/p>\n<p><strong>1. Pr\u00e9sentation du Site.<\/strong><\/p>\n<p>En vertu de l\u2019article 6 de la loi n\u00b0 2004-575 du 21 juin 2004 pour la confiance dans l\u2019\u00e9conomie num\u00e9rique, il est pr\u00e9cis\u00e9 aux utilisateurs du Site :<span>\u00a0<\/span><span><strong>france-frelon.fr<\/strong><\/span><span>\u00a0<\/span>(ci-apr\u00e8s nomm\u00e9 le Site) des diff\u00e9rents intervenants dans le cadre de sa r\u00e9alisation et de son suivi :<\/p>\n<p><strong><span>FBC NUISIBLES <\/span><\/strong>(ci-apr\u00e8s nomm\u00e9e \u00ab l\u2019Entreprise \u00bb)<\/p>\n<p><strong>ADRESSE : 15 route d\u2019Avignon 13410 Lambesc, France<\/strong><\/p>\n<p><strong>Siret :<span> 83979930100016<\/span><\/strong><br \/><strong>Responsable publication<\/strong><span>\u00a0<\/span>:<strong><span> Hugo RODET<\/span><\/strong><br \/><strong>Webmaster<\/strong><span>\u00a0<\/span>:<strong><span>\u00a0VEONEO \u2013 82 Route de Montfavet \u2013 84000 AVIGNON<\/span><\/strong><br \/><strong>H\u00e9bergeur<\/strong><span>\u00a0<\/span>: OVH \u2013 2 rue Kellermann \u2013 59100 Roubaix \u2013 France<\/p>\n<p><strong>2. Conditions g\u00e9n\u00e9rales d\u2019utilisation du Site et des services propos\u00e9s.<\/strong><\/p>\n<p>L\u2019utilisation du Site implique l\u2019acceptation pleine et enti\u00e8re des conditions g\u00e9n\u00e9rales d\u2019utilisation ci-apr\u00e8s d\u00e9crites et qui sont susceptibles d\u2019\u00eatre modifi\u00e9es ou compl\u00e9t\u00e9es \u00e0 tout moment, elles s\u2019imposent aux utilisateurs du Site qui sont donc invit\u00e9s \u00e0 les consulter r\u00e9guli\u00e8rement.<\/p>\n<p>Ce Site est mis \u00e0 jour de mani\u00e8re r\u00e9guli\u00e8re et reste normalement accessible \u00e0 tout moment aux utilisateurs. Une interruption pour raison de maintenance technique peut \u00eatre toutefois d\u00e9cid\u00e9e par L\u2019Entreprise, ou survenir chez l\u2019h\u00e9bergeur, qui s\u2019efforceront alors de communiquer pr\u00e9alablement aux utilisateurs les dates et heures de la maintenance.<\/p>\n<p><strong>3. Description des services fournis<\/strong><\/p>\n<p>Le Site a pour objet de fournir une information concernant l\u2019ensemble des activit\u00e9s de la soci\u00e9t\u00e9.<\/p>\n<p>L\u2019Entreprise s\u2019efforce de fournir sur le Site des informations aussi pr\u00e9cises que possible. Toutefois, elle ne pourra \u00eatre tenue responsable des omissions, des inexactitudes et des carences dans la mise \u00e0 jour, qu\u2019elles soient de son fait ou du fait des tiers partenaires qui lui fournissent ces informations.<\/p>\n<p>Toutes les informations indiqu\u00e9es sur le Site sont donn\u00e9es \u00e0 titre indicatif, et sont susceptibles d\u2019\u00e9voluer. Par ailleurs, les renseignements figurant sur le Site ne sont pas exhaustifs. Ils sont donn\u00e9s sous r\u00e9serve de modifications ayant \u00e9t\u00e9 apport\u00e9es depuis leur mise en ligne.<\/p>\n<p><strong>4. Limitations contractuelles sur les donn\u00e9es techniques.<\/strong><\/p>\n<p>Le Site utilise le CMS WordPress.<br \/>Le Site Internet ne pourra \u00eatre tenu responsable de dommages mat\u00e9riels li\u00e9s \u00e0 l\u2019utilisation du Site. De plus, l\u2019utilisateur du Site s\u2019engage \u00e0 acc\u00e9der au Site en utilisant un mat\u00e9riel r\u00e9cent, ne contenant pas de virus et avec un navigateur de derni\u00e8re g\u00e9n\u00e9ration mis-\u00e0-jour<\/p>\n<p><strong>5. Propri\u00e9t\u00e9 intellectuelle et contrefa\u00e7ons.<\/strong><\/p>\n<p>L\u2019Entreprise est propri\u00e9taire des droits de propri\u00e9t\u00e9 intellectuelle ou d\u00e9tient les droits d\u2019usage sur tous les \u00e9l\u00e9ments accessibles sur le Site, notamment les textes, images, graphismes, logo, ic\u00f4nes, sons, logiciels.<\/p>\n<p>Toute reproduction, repr\u00e9sentation, modification, publication, adaptation de tout ou partie des \u00e9l\u00e9ments du Site, quel que soit le moyen ou le proc\u00e9d\u00e9 utilis\u00e9, est interdite, sauf autorisation \u00e9crite pr\u00e9alable de l\u2019Entreprise.<\/p>\n<p>Toute exploitation non autoris\u00e9e du Site ou de l\u2019un quelconque des \u00e9l\u00e9ments qu\u2019il contient sera consid\u00e9r\u00e9e comme constitutive d\u2019une contrefa\u00e7on et poursuivie conform\u00e9ment aux dispositions des articles L.335-2 et suivants du Code de Propri\u00e9t\u00e9 Intellectuelle.<\/p>\n<p><strong>6. Limitations de responsabilit\u00e9.<\/strong><\/p>\n<p>L\u2019Entreprise ne pourra \u00eatre tenue responsable des dommages directs et indirects caus\u00e9s au mat\u00e9riel de l\u2019utilisateur, lors de l\u2019acc\u00e8s au Site et r\u00e9sultant soit de l\u2019utilisation d\u2019un mat\u00e9riel ne r\u00e9pondant pas aux sp\u00e9cifications indiqu\u00e9es au point 4, soit de l\u2019apparition d\u2019un bug ou d\u2019une incompatibilit\u00e9.<\/p>\n<p>L\u2019Entreprise ne pourra \u00e9galement \u00eatre tenue responsable des dommages indirects (tels par exemple qu\u2019une perte de march\u00e9 ou perte d\u2019une chance) cons\u00e9cutifs \u00e0 l\u2019utilisation du Site.<\/p>\n<p>Des espaces interactifs (possibilit\u00e9 de poser des questions dans l\u2019espace contact) sont \u00e0 la disposition des utilisateurs. L\u2019Entreprise se r\u00e9serve le droit de supprimer, sans mise en demeure pr\u00e9alable, tout contenu d\u00e9pos\u00e9 dans cet espace qui contreviendrait \u00e0 la l\u00e9gislation applicable en France, en particulier aux dispositions relatives \u00e0 la protection des donn\u00e9es. Le cas \u00e9ch\u00e9ant, L\u2019Entreprise se r\u00e9serve \u00e9galement la possibilit\u00e9 de mettre en cause la responsabilit\u00e9 civile et\/ou p\u00e9nale de l\u2019utilisateur, notamment en cas de message \u00e0 caract\u00e8re raciste, injurieux, diffamant, ou pornographique, quel que soit le support utilis\u00e9 (texte, photographie\u2026).<\/p>\n<p><strong>7. Gestion des donn\u00e9es personnelles.<\/strong><br \/>En France, les donn\u00e9es personnelles sont notamment prot\u00e9g\u00e9es par la loi n\u00b0 78-87 du 6 janvier 1978, la loi n\u00b0 2004-801 du 6 ao\u00fbt 2004, l\u2019article L. 226-13 du Code p\u00e9nal et la Directive Europ\u00e9enne du 24 octobre 1995.<\/p>\n<p>\u00c0 l\u2019occasion de l\u2019utilisation du Site, sont recueillis : l\u2019URL des liens par l\u2019interm\u00e9diaire desquels l\u2019utilisateur a acc\u00e9d\u00e9 au Site, le fournisseur d\u2019acc\u00e8s de l\u2019utilisateur, ainsi que son adresse IP.<\/p>\n<p>En tout \u00e9tat de cause, l\u2019Entreprise ne collecte des informations personnelles relatives \u00e0 l\u2019utilisateur que pour le besoin de certains services propos\u00e9s par le Site. L\u2019utilisateur fournit ces informations en toute connaissance de cause, notamment lorsqu\u2019il proc\u00e8de par lui-m\u00eame \u00e0 leur saisie.<\/p>\n<p>Conform\u00e9ment aux dispositions des articles 38 et suivants de la loi 78-17 du 6 janvier 1978 relative \u00e0 l\u2019informatique, aux fichiers et aux libert\u00e9s, tout utilisateur dispose d\u2019un droit d\u2019acc\u00e8s, de rectification et d\u2019opposition aux donn\u00e9es personnelles le concernant, en effectuant sa demande \u00e9crite et sign\u00e9e, accompagn\u00e9e d\u2019une copie du titre d\u2019identit\u00e9 avec signature du titulaire de la pi\u00e8ce, en pr\u00e9cisant l\u2019adresse \u00e0 laquelle la r\u00e9ponse doit \u00eatre envoy\u00e9e.<\/p>\n<p>Aucune information personnelle de l\u2019utilisateur du Site n\u2019est publi\u00e9e \u00e0 l\u2019insu de l\u2019utilisateur, \u00e9chang\u00e9e, transf\u00e9r\u00e9e, c\u00e9d\u00e9e ou vendue sur un support quelconque \u00e0 des tiers. Seule l\u2019hypoth\u00e8se du rachat de l\u2019Entreprise et de ses droits permettrait la transmission desdites informations \u00e0 l\u2019\u00e9ventuel acqu\u00e9reur qui serait \u00e0 son tour tenu de la m\u00eame obligation de conservation et de modification des donn\u00e9es vis-\u00e0-vis de l\u2019utilisateur du Site.<\/p>\n<p>Le Site n\u2019est pas d\u00e9clar\u00e9 \u00e0 la CNIL, car il ne recueille pas d\u2019informations personnelles.<\/p>\n<p>Les bases de donn\u00e9es sont prot\u00e9g\u00e9es par les dispositions de la loi du 1er juillet 1998 transposant la directive 96\/9 du 11 mars 1996 relative \u00e0 la protection juridique des bases de donn\u00e9es.<\/p>\n<p><strong>8. Liens hypertextes et cookies.<\/strong><br \/>Le Site contient un certain nombre de liens hypertextes vers d\u2019autres sites, mis en place avec l\u2019autorisation de l\u2019Entreprise. Cependant, l\u2019Entreprise n\u2019a pas la possibilit\u00e9 de v\u00e9rifier le contenu des Sites ainsi visit\u00e9s, et n\u2019assumera en cons\u00e9quence aucune responsabilit\u00e9 de ce fait.<\/p>\n<p>La navigation sur le Site est susceptible de provoquer l\u2019installation de cookie(s) sur l\u2019ordinateur de l\u2019utilisateur. Un cookie est un fichier de petite taille, qui ne permet pas l\u2019identification de l\u2019utilisateur, mais qui enregistre des informations relatives \u00e0 la navigation d\u2019un ordinateur sur un Site. Les donn\u00e9es ainsi obtenues visent \u00e0 faciliter la navigation ult\u00e9rieure sur le Site, et ont \u00e9galement vocation \u00e0 permettre diverses mesures de fr\u00e9quentation.<\/p>\n<p>Le refus d\u2019installation d\u2019un cookie peut entra\u00eener l\u2019impossibilit\u00e9 d\u2019acc\u00e9der \u00e0 certains services. L\u2019utilisateur peut toutefois configurer son ordinateur pour g\u00e9rer les cookies :<\/p>\n<p>Sous Internet Explorer : Onglet outil \/ options internet. Cliquez sur Confidentialit\u00e9 et choisissez Bloquer tous les cookies.<\/p>\n<p>Sous Mozilla Firefox : en haut de la fen\u00eatre du navigateur, cliquez sur le bouton Firefox, puis aller dans Options. Cliquer sur l\u2019onglet Vie priv\u00e9e. Puis, vous param\u00e9trez les R\u00e8gles de conservation sur : utiliser les param\u00e8tres personnalis\u00e9s pour l\u2019historique. Vous pouvez d\u00e9cocher la case afin de d\u00e9sactiver les cookies.<\/p>\n<p>Sous Safari : Cliquez en haut \u00e0 droite du navigateur sur le pictogramme de menu (symbolis\u00e9 par un rouage). S\u00e9lectionnez Param\u00e8tres. Cliquez sur Afficher les param\u00e8tres avanc\u00e9s. Dans la section \u00ab Confidentialit\u00e9 \u00bb, cliquez sur Param\u00e8tres de contenu. Dans la section \u00ab Cookies \u00bb, vous pouvez bloquer les cookies.<\/p>\n<p>Sous Google Chrome : Cliquez en haut \u00e0 droite du navigateur sur le pictogramme de menu (symbolis\u00e9 par trois lignes horizontales). S\u00e9lectionnez Param\u00e8tres. Cliquez sur Afficher les param\u00e8tres avanc\u00e9s. Dans la section \u00ab Confidentialit\u00e9 \u00bb, cliquez sur l\u2019onglet Pr\u00e9f\u00e9rences. Dans l\u2019onglet \u00ab\u00a0Confidentialit\u00e9\u00a0\u00bb, vous pouvez bloquer tous les cookies.<\/p>\n<p><strong>9. Droit applicable et attribution de juridiction.<\/strong><br \/>Tout litige en relation avec l\u2019utilisation du Site est soumis au droit fran\u00e7ais. Il est fait attribution exclusive de juridiction aux tribunaux comp\u00e9tents du Puy-en-Velay.<\/p>\n<p>Pour le consommateur Particulier, vous pouvez contacter le m\u00e9diateur de la Consommation apparaissant sur nos contrats ou bons de commande afin de r\u00e9soudre \u00e0 l\u2019amiable tout \u00e9ventuel conflit commercial. (<a href=\"https:\/\/www.economie.gouv.fr\/mediation-conso\/vous-etes-un-professionnel\/choisir-un-mediateur-de-la-consommation\/mediateurs-references\" target=\"_blank\" rel=\"noopener\">Liste des m\u00e9diateurs<\/a>)<\/p>\n<p><strong>10. Les principales lois concern\u00e9es.<\/strong><br \/>Loi n\u00b0 78-17 du 6 janvier 1978, notamment modifi\u00e9e par la loi n\u00b0 2004-801 du 6 ao\u00fbt 2004 relative \u00e0 l\u2019informatique, aux fichiers et aux libert\u00e9s.<br \/>Loi n\u00b0 2004-575 du 21 juin 2004 pour la confiance dans l\u2019\u00e9conomie num\u00e9rique.<\/p>\n<p><strong>11. Lexique.<\/strong><br \/>Utilisateur : Internaute se connectant, utilisant le Site susnomm\u00e9. Informations personnelles : \u00ab les informations qui permettent, sous quelque forme que ce soit, directement ou non, l\u2019identification des personnes physiques auxquelles elles s\u2019appliquent \u00bb (article 4 de la loi n\u00b0 78-17 du 6 janvier 1978).<\/p>\n<menu id=\"fcltHTML5Menu1\" type=\"context\"><\/menu>\n<p>[\/et_pb_text][\/et_pb_column][\/et_pb_row][\/et_pb_section]<\/p>\n","protected":false},"excerpt":{"rendered":"<p>Mentions L\u00e9gales &nbsp; 1. Pr\u00e9sentation du Site. En vertu de l\u2019article 6 de la loi n\u00b0 2004-575 du 21 juin 2004 pour la confiance dans l\u2019\u00e9conomie num\u00e9rique, il est pr\u00e9cis\u00e9 aux utilisateurs du Site :\u00a0france-frelon.fr\u00a0(ci-apr\u00e8s nomm\u00e9 le Site) des diff\u00e9rents intervenants dans le cadre de sa r\u00e9alisation et de son suivi : FBC NUISIBLES (ci-apr\u00e8s nomm\u00e9e \u00ab l\u2019Entreprise \u00bb) ADRESSE : 15 route d\u2019Avignon 13410 Lambesc, France Siret : 83979930100016Responsable publication\u00a0: Hugo RODETWebmaster\u00a0:\u00a0VEONEO \u2013 82 Route de Montfavet \u2013 84000 AVIGNONH\u00e9bergeur\u00a0: OVH \u2013 2 rue Kellermann \u2013 59100 Roubaix \u2013 France 2. Conditions g\u00e9n\u00e9rales d\u2019utilisation du Site et des services propos\u00e9s. L\u2019utilisation du Site implique l\u2019acceptation pleine et enti\u00e8re des conditions g\u00e9n\u00e9rales d\u2019utilisation ci-apr\u00e8s d\u00e9crites et qui sont susceptibles d\u2019\u00eatre modifi\u00e9es ou compl\u00e9t\u00e9es \u00e0 tout moment, elles s\u2019imposent aux utilisateurs du Site qui sont donc invit\u00e9s \u00e0 les consulter r\u00e9guli\u00e8rement. Ce Site est mis \u00e0 jour de mani\u00e8re r\u00e9guli\u00e8re et reste normalement accessible \u00e0 tout moment aux utilisateurs. Une interruption pour raison de maintenance technique peut \u00eatre toutefois d\u00e9cid\u00e9e par L\u2019Entreprise, ou survenir chez l\u2019h\u00e9bergeur, qui s\u2019efforceront alors de communiquer pr\u00e9alablement aux utilisateurs les dates et heures de la maintenance. 3. Description des services fournis Le Site a pour objet [&hellip;]<\/p>\n","protected":false},"author":1,"featured_media":0,"parent":0,"menu_order":0,"comment_status":"closed","ping_status":"open","template":"","meta":{"_et_pb_use_builder":"on","_et_pb_old_content":"<p>\u00a0<\/p><menu id=\"fcltHTML5Menu1\" type=\"context\"><\/menu>","_et_gb_content_width":"","footnotes":""},"class_list":["post-225909","page","type-page","status-publish","hentry"],"yoast_head":"<!-- This site is optimized with the Yoast SEO plugin v27.4 - https:\/\/yoast.com\/product\/yoast-seo-wordpress\/ -->\n<title>Mentions L\u00e9gales (Veoneo) - France Frelon<\/title>\n<meta name=\"description\" content=\"Retrouvez l&#039;ensemble des Mentions L\u00e9gales de notre site internet. Bonne navigation.\" \/>\n<meta name=\"robots\" content=\"index, follow, max-snippet:-1, max-image-preview:large, max-video-preview:-1\" \/>\n<link rel=\"canonical\" href=\"https:\/\/www.france-frelon.fr\/?page_id=225909\" \/>\n<meta property=\"og:locale\" content=\"fr_FR\" \/>\n<meta property=\"og:type\" content=\"article\" \/>\n<meta property=\"og:title\" content=\"Mentions L\u00e9gales (Veoneo) - France Frelon\" \/>\n<meta property=\"og:description\" content=\"Retrouvez l&#039;ensemble des Mentions L\u00e9gales de notre site internet. Bonne navigation.\" \/>\n<meta property=\"og:url\" content=\"https:\/\/www.france-frelon.fr\/?page_id=225909\" \/>\n<meta property=\"og:site_name\" content=\"France Frelon\" \/>\n<meta property=\"article:modified_time\" content=\"2026-01-14T21:31:57+00:00\" \/>\n<meta name=\"twitter:card\" content=\"summary_large_image\" \/>\n<meta name=\"twitter:label1\" content=\"Dur\u00e9e de lecture estim\u00e9e\" \/>\n\t<meta name=\"twitter:data1\" content=\"8 minutes\" \/>\n<script type=\"application\/ld+json\" class=\"yoast-schema-graph\">{\"@context\":\"https:\\\/\\\/schema.org\",\"@graph\":[{\"@type\":\"WebPage\",\"@id\":\"https:\\\/\\\/www.france-frelon.fr\\\/?page_id=225909\",\"url\":\"https:\\\/\\\/www.france-frelon.fr\\\/?page_id=225909\",\"name\":\"Mentions L\u00e9gales (Veoneo) - France Frelon\",\"isPartOf\":{\"@id\":\"https:\\\/\\\/www.france-frelon.fr\\\/#website\"},\"datePublished\":\"2020-10-16T16:51:17+00:00\",\"dateModified\":\"2026-01-14T21:31:57+00:00\",\"description\":\"Retrouvez l'ensemble des Mentions L\u00e9gales de notre site internet. Bonne navigation.\",\"breadcrumb\":{\"@id\":\"https:\\\/\\\/www.france-frelon.fr\\\/?page_id=225909#breadcrumb\"},\"inLanguage\":\"fr-FR\",\"potentialAction\":[{\"@type\":\"ReadAction\",\"target\":[\"https:\\\/\\\/www.france-frelon.fr\\\/?page_id=225909\"]}]},{\"@type\":\"BreadcrumbList\",\"@id\":\"https:\\\/\\\/www.france-frelon.fr\\\/?page_id=225909#breadcrumb\",\"itemListElement\":[{\"@type\":\"ListItem\",\"position\":1,\"name\":\"Accueil\",\"item\":\"https:\\\/\\\/www.france-frelon.fr\\\/\"},{\"@type\":\"ListItem\",\"position\":2,\"name\":\"Mentions L\u00e9gales (Veoneo)\"}]},{\"@type\":\"WebSite\",\"@id\":\"https:\\\/\\\/www.france-frelon.fr\\\/#website\",\"url\":\"https:\\\/\\\/www.france-frelon.fr\\\/\",\"name\":\"France Frelon\",\"description\":\"Sp\u00e9cialiste de la destruction de nid de gu\u00eapes et nid de frelon\",\"potentialAction\":[{\"@type\":\"SearchAction\",\"target\":{\"@type\":\"EntryPoint\",\"urlTemplate\":\"https:\\\/\\\/www.france-frelon.fr\\\/?s={search_term_string}\"},\"query-input\":{\"@type\":\"PropertyValueSpecification\",\"valueRequired\":true,\"valueName\":\"search_term_string\"}}],\"inLanguage\":\"fr-FR\"}]}<\/script>\n<!-- \/ Yoast SEO plugin. -->","yoast_head_json":{"title":"Mentions L\u00e9gales (Veoneo) - France Frelon","description":"Retrouvez l'ensemble des Mentions L\u00e9gales de notre site internet. Bonne navigation.","robots":{"index":"index","follow":"follow","max-snippet":"max-snippet:-1","max-image-preview":"max-image-preview:large","max-video-preview":"max-video-preview:-1"},"canonical":"https:\/\/www.france-frelon.fr\/?page_id=225909","og_locale":"fr_FR","og_type":"article","og_title":"Mentions L\u00e9gales (Veoneo) - France Frelon","og_description":"Retrouvez l'ensemble des Mentions L\u00e9gales de notre site internet. Bonne navigation.","og_url":"https:\/\/www.france-frelon.fr\/?page_id=225909","og_site_name":"France Frelon","article_modified_time":"2026-01-14T21:31:57+00:00","twitter_card":"summary_large_image","twitter_misc":{"Dur\u00e9e de lecture estim\u00e9e":"8 minutes"},"schema":{"@context":"https:\/\/schema.org","@graph":[{"@type":"WebPage","@id":"https:\/\/www.france-frelon.fr\/?page_id=225909","url":"https:\/\/www.france-frelon.fr\/?page_id=225909","name":"Mentions L\u00e9gales (Veoneo) - France Frelon","isPartOf":{"@id":"https:\/\/www.france-frelon.fr\/#website"},"datePublished":"2020-10-16T16:51:17+00:00","dateModified":"2026-01-14T21:31:57+00:00","description":"Retrouvez l'ensemble des Mentions L\u00e9gales de notre site internet. Bonne navigation.","breadcrumb":{"@id":"https:\/\/www.france-frelon.fr\/?page_id=225909#breadcrumb"},"inLanguage":"fr-FR","potentialAction":[{"@type":"ReadAction","target":["https:\/\/www.france-frelon.fr\/?page_id=225909"]}]},{"@type":"BreadcrumbList","@id":"https:\/\/www.france-frelon.fr\/?page_id=225909#breadcrumb","itemListElement":[{"@type":"ListItem","position":1,"name":"Accueil","item":"https:\/\/www.france-frelon.fr\/"},{"@type":"ListItem","position":2,"name":"Mentions L\u00e9gales (Veoneo)"}]},{"@type":"WebSite","@id":"https:\/\/www.france-frelon.fr\/#website","url":"https:\/\/www.france-frelon.fr\/","name":"France Frelon","description":"Sp\u00e9cialiste de la destruction de nid de gu\u00eapes et nid de frelon","potentialAction":[{"@type":"SearchAction","target":{"@type":"EntryPoint","urlTemplate":"https:\/\/www.france-frelon.fr\/?s={search_term_string}"},"query-input":{"@type":"PropertyValueSpecification","valueRequired":true,"valueName":"search_term_string"}}],"inLanguage":"fr-FR"}]}},"_links":{"self":[{"href":"https:\/\/www.france-frelon.fr\/index.php?rest_route=\/wp\/v2\/pages\/225909","targetHints":{"allow":["GET"]}}],"collection":[{"href":"https:\/\/www.france-frelon.fr\/index.php?rest_route=\/wp\/v2\/pages"}],"about":[{"href":"https:\/\/www.france-frelon.fr\/index.php?rest_route=\/wp\/v2\/types\/page"}],"author":[{"embeddable":true,"href":"https:\/\/www.france-frelon.fr\/index.php?rest_route=\/wp\/v2\/users\/1"}],"replies":[{"embeddable":true,"href":"https:\/\/www.france-frelon.fr\/index.php?rest_route=%2Fwp%2Fv2%2Fcomments&post=225909"}],"version-history":[{"count":6,"href":"https:\/\/www.france-frelon.fr\/index.php?rest_route=\/wp\/v2\/pages\/225909\/revisions"}],"predecessor-version":[{"id":229820,"href":"https:\/\/www.france-frelon.fr\/index.php?rest_route=\/wp\/v2\/pages\/225909\/revisions\/229820"}],"wp:attachment":[{"href":"https:\/\/www.france-frelon.fr\/index.php?rest_route=%2Fwp%2Fv2%2Fmedia&parent=225909"}],"curies":[{"name":"wp","href":"https:\/\/api.w.org\/{rel}","templated":true}]}}